f 114830656?
3
What is the units digit of 797555536?
6
What is the tens digit of 13474229?
2
What is the units digit of 2687540?
0
What is the ten millions digit of 34015564?
3
What is the units digit of 49404274?
4
What is the ten thousands digit of 3038752935?
5
What is the thousands digit of 961875231?
5
What is the hundreds digit of 89537477?
4
What is the ten millions digit of 646166173?
4
What is the ten millions digit of 286504074?
8
What is the thousands digit of 150987653?
7
What is the ten thousands digit of 47263573?
6
What is the thousands digit of 56093981?
3
What is the millions digit of 1283463475?
3
What is the ten millions digit of 19651706?
1
What is the tens digit of 3208440?
4
What is the hundred millions digit of 248746628?
2
What is the thousands digit of 53876833?
6
What is the millions digit of 9929574?
9
What is the hundred millions digit of 150011721?
1
What is the ten thousands digit of 1569586096?
8
What is the tens digit of 190714457?
5
What is the hundred thousands digit of 530074155?
0
What is the hundred thousands digit of 462759362?
7
What is the ten millions digit of 61966879?
6
What is the hundreds digit of 375921636?
6
What is the units digit of 1368541352?
2
What is the hundred millions digit of 1911765221?
9
What is the ten thousands digit of 3887953032?
5
What is the hundred thousands digit of 40112469?
1
What is the ten millions digit of 16543707?
1
What is the millions digit of 1013956?
1
What is the millions digit of 703162552?
3
What is the units digit of 337434993?
3
What is the millions digit of 197488195?
7
What is the hundred thousands digit of 47479150?
4
What is the hundred thousands digit of 2561494761?
4
What is the ten thousands digit of 524762452?
6
What is the hundreds digit of 83461654?
6
What is the hundred thousands digit of 328397600?
3
What is the ten thousands digit of 6954754?
5
What is the ten thousands digit of 288804321?
0
What is the ten millions digit of 91939427?
9
What is the ten millions digit of 166670866?
6
What is the units digit of 105506648?
8
What is the millions digit of 42842663?
2
What is the ten thousands digit of 406921566?
2
What is the millions digit of 24157888?
4
What is the hundreds digit of 779730821?
8
What is the thousands digit of 436165256?
5
What is the units digit of 625855384?
4
What is the millions digit of 1613502154?
3
What is the thousands digit of 23364475?
4
What is the hundreds digit of 844848689?
6
What is the hundreds digit of 49277571?
5
What is the hundred thousands digit of 81272879?
2
What is the units digit of 54203848?
8
What is the hundred millions digit of 4251700270?
2
What is the tens digit of 40762267?
6
What is the hundreds digit of 173189812?
8
What is the tens digit of 116367961?
6
What is the thousands digit of 81085193?
5
What is the hundreds digit of 91422412?
4
What is the tens digit of 38610935?
3
What is the units digit of 829214126?
6
What is the hundred millions digit of 201930774?
2
What is the ten thousands digit of 257702510?
0
What is the ten millions digit of 359669756?
5
What is the units digit of 2573257824?
4
What is the hundred millions digit of 3182851126?
1
What is the ten millions digit of 29424105?
2
What is the ten millions digit of 1217199438?
1
What is the tens digit of 4027207150?
5
What is the hundreds digit of 7602376?
3
What is the thousands digit of 50195737?
5
What is the ten thousands digit of 343639963?
3
What is the hundred millions digit of 676378593?
6
What is the millions digit of 50882231?
0
What is the tens digit of 26852326?
2
What is the ten thousands digit of 3049406036?
0
What is the hundred millions digit of 191702113?
1
What is the millions digit of 33514542?
3
What is the thousands digit of 251412143?
2
What is the hundred thousands digit of 982206906?
2
What is the millions digit of 111754457?
1
What is the units digit of 5405841854?
4
What is the thousands digit of 1110974771?
4
What is the ten millions digit of 1393557266?
9
What is the hundred thousands digit of 16276586?
2
What is the ten millions digit of 679526568?
7
What is the hundreds digit of 368148905?
9
What is the hundreds digit of 74780377?
3
What is the units digit of 2180302781?
1
What is the units digit of 771493515?
5
What is the tens digit of 1057844273?
7
What is the ten thousands digit of 4681627708?
2
What is the units digit of 6843234553?
3
What is the hundreds digit of 43713933?
9
What is the ten thousands digit of 685570341?
7
What is the units digit of 1492461?
1
What is the hundreds digit of 368040471?
4
What is the hundreds digit of 407459979?
9
What is the ten millions digit of 75331711?
7
What is the thousands digit of 1121170715?
0
What is the ten thousands digit of 394799010?
9
What is the hundred millions digit of 2362116202?
3
What is the hundred millions digit of 1951927788?
9
What is the tens digit of 9242996?
9
What is the tens digit of 194123088?
8
What is the units digit of 1863158238?
8
What is the millions digit of 57964534?
7
What is the ten millions digit of 902692554?
0
What is the hundred millions digit of 2584141910?
5
What is the tens digit of 854258483?
8
What is the tens digit of 8929210478?
7
What is the ten millions digit of 33016525?
3
What is the thousands digit of 43035483?
5
What is the millions digit of 889740113?
9
What is the hundred millions digit of 271291955?
2
What is the ten millions digit of 2993973686?
9
What is the hundred thousands digit of 79549586?
5
What is the ten thousands digit of 96951560?
5
What is the ten millions digit of 563277629?
6
What is the thousands digit of 627981708?
1
What is the ten thousands digit of 901727386?
2
What is the hundreds digit of 63389439?
4
What is the hundred millions digit of 192189447?
1
What is the thousands digit of 87010492?
0
What is the billions digit of 4230498868?
4
What is the tens digit of 12890672?
7
What is the ten thousands digit of 2127427?
2
What is the hundred millions digit of 1592745028?
5
What is the units digit of 6484916404?
4
What is the tens digit of 40654180?
8
What is the units digit of 69731284?
4
What is the thousands digit of 6037538?
7
What is the hundred millions digit of 454705430?
4
What is the hundreds digit of 228772604?
6
What is the ten millions digit of 72301987?
7
What is the ten thousands digit of 1372313596?
1
What is the units digit of 3094703776?
6
What is the millions digit of 171014255?
1
What is the hundred millions digit of 133848619?
1
What is the ten millions digit of 78427554?
7
What is the hundreds digit of 113236750?
7
What is the hundred thousands digit of 195662320?
6
What is the billions digit of 1517280967?
1
What is the hundreds digit of 52608673?
6
What is the ten thousands digit of 40765340?
6
What is the units digit of 4477235?
5
What is the hundred millions digit of 262638077?
2
What is the hundreds digit of 33743550?
5
What is the ten millions digit of 191675497?
9
What is the millions digit of 42472495?
2
What is the millions digit of 46337395?
6
What is the tens digit of 105792511?
1
What is the hundred thousands digit of 3725953?
7
What is the hundred millions digit of 192729115?
1
What is the units digit of 1024975065?
5
What is the billions digit of 2820554957?
2
What is the hundred thousands digit of 64968187?
9
What is the tens digit of 128203092?
9
What is the thousands digit of 19333434?
3
What is the hundred thousands digit of 91424531?
4
What is the ten millions digit of 12543523?
1
What is the hundreds digit of 1617127559?
5
What is the units digit of 87508469?
9
What is the millions digit of 936682689?
6
What is the hundred millions digit of 810827661?
8
What is the ten thousands digit of 2272372126?
7
What is the tens digit of 283201851?
5
What is the hundred thousands digit of 845649957?
6
What is the millions digit of 104501016?
4
What is the ten millions digit of 749462123?
4
What is the hundred thousands digit of 18353675?
3
What is the hundred thousands digit of 865518012?
5
What is the ten millions digit of 1210690668?
1
What is the tens digit of 1378038453?
5
What is the ten thousands digit of 593072326?
7
What is the hundred thousands digit of 48544471?
5
What is the hundred thousands digit of 259817034?
8
What is the units digit of 2257243067?
